Let m = -409 - -635. Let z = m + -229. Let u(r) = 9*r - 2. Determine u(z).
-29
Suppose 5 = o + 4*o. Let d(f) = -1 - 338*f - 337*f - 331*f + 1340*f - 336*f. Give d(o).
-3
Let n(g) = g**3 - 6*g**2 - 6*g - 10. Suppose -q = 4*v + 33, 3*v + 4*q + 26 = 3*q. Let f = v - -14. Give n(f).
-3
Let a(c) be the first derivative of c**4/4 + 34*c**3/3 - 36*c**2 + 13*c - 2113. Determine a(-36).
13
Let w(r) = 2*r + 12. Suppose 106*x - 98*x + 24 = 0. Let m be (-3 + (x - 0 - -7))*-8. Calculate w(m).
-4
Suppose -v - 5*w - 8 = 0, 4*v + 3*w + 5 = -27. Let x(h) = -112*h - 115*h + 6 - 119*h + 349*h. Give x(v).
-18
Let s(q) = q + 47. Let h(c) = c + 304. Let d(a) = -h(a) + 6*s(a). Determine d(14).
48
Let v = 193 - 188. Let l(d) = -8*d**2 + 11*d + 21. Let n(i) = -3*i**2 + 6*i + 10. Let w(t) = v*n(t) - 2*l(t). What is w(-6)?
-4
Let b(o) = -o**2 + 15*o - 3. Suppose 0 = -4*k - 2*c + 12, -12 + 15 = 3*k + 3*c. Suppose -3*f - n + 39 = 0, -8*f = -0*n - k*n - 127. Determine b(f).
11
Let k(s) be the second derivative of -s**5/20 + 11*s**4/6 - 11*s**3/3 - 14*s**2 + 4576*s. Determine k(21).
-49
Let y(h) = -142*h**2 + 106*h - 272. Let x(u) = -19*u**2 + 15*u - 39. Let l(q) = 15*x(q) - 2*y(q). Give l(5).
-1
Let b(z) = -z**3 + 3*z**2 - 4*z + 3. Let g(v) = -8*v + 14. Let p(y) = 23*y - 41. Let m(d) = -17*g(d) - 6*p(d). Let l be m(-4). Let q = l - 13. What is b(q)?
-9
Let m(l) = -l**2. Let i = -556 - -592. Suppose -41 = 5*o - i. What is m(o)?
-1
Let i(l) = -12*l**2 - 2 + 3 + 11*l**2 + 9*l - 2. Let b be 8/20*((3 - -22) + 0). Let n be ((-12)/10)/(b/(-75)). What is i(n)?
-1
Let t be 6/(-4) - (-20 - 638/(-44)). Let u(d) be the third derivative of d**2 + 0 - 1/3*d**3 - 1/12*d**t + 0*d. Calculate u(-4).
6
Let o(w) = 9*w**2 + w + 1. Let b(h) = -h**3 + 10*h**2 - 26*h - 28. Let k(i) = -b(i) + 3*o(i). Calculate k(-15).
46
Suppose 0 = -1585*b + 270*b - 820*b - 2135. Let z(t) = -t - 1. Let v(a) = -17*a - 1. Let r(x) = -v(x) + 2*z(x). Calculate r(b).
-16
Let x(n) = 10*n + 23. Suppose 98*l = 18*l - 240. Give x(l).
-7
Let h(y) = -8*y**2 + 2*y - 3. Let f(s) = -s**2 + s - 1. Let v(o) = 3*f(o) - h(o). Let m = 195893 - 195892. Determine v(m).
6
Suppose 5*s - 3*s = -14. Let l(r) be the first derivative of -9*r - 4*r**2 + 16 - 1/3*r**3. Give l(s).
-2
Let m be (-264)/(-30) - ((-36)/(-20) + -2). Let y(d) = 26*d - 11*d - 8*d - 11 - m*d. What is y(-8)?
5
Let d(c) = 2*c - 2. Suppose -2*k = 4*w - 0*k - 42, -w - k + 9 = 0. Let z be 2*w/16*-2. Let u be ((-5)/z)/(-3*4/(-36)). Give d(u).
8
Let m = 859/268 - 198/67. Let v(k) be the third derivative of 0*k - 1/120*k**6 + 5/3*k**3 + 1/10*k**5 + 0 - 3*k**2 + m*k**4. Determine v(7).
3
Let n(w) be the third derivative of -3*w**6/40 - w**4/24 + w**3/6 + 4*w**2 - 146. Determine n(1).
-9
Let g(v) = 169*v + 143. Let f(d) = 536*d + 428. Let j(z) = -5*f(z) + 16*g(z). Determine j(-6).
4
Let x(b) = -16*b**3 - 14*b**2 - 27*b - 5. Let r(u) = -3*u**3 - 3*u**2 - 5*u - 1. Let f be 2/(-13) - ((-120)/104 + -10). Let z(t) = f*r(t) - 2*x(t). Give z(-5).
4
Let l = 7649 - 7635. Let w(n) be the first derivative of -n**3 + 1/2*n**2 - 3*n - 1/4*n**4 - l. Determine w(-4).
9
Let l(u) = -u**3 + 14*u**2 + 11*u + 37. Let b(f) = -7*f**2 - 6*f - 16. Let x(t) = -5*b(t) - 2*l(t). What is x(-5)?
-109
Let l(b) be the third derivative of b**4/6 - 3*b**3/2 - 5*b**2. Let x = 1646 - 1638. Give l(x).
23
Suppose -3*d - d - 20 = b, -5*d - 25 = -5*b. Let i(l) be the third derivative of 0*l - 1/60*l**5 - 1/6*l**3 + 0 - 31*l**2 + 0*l**4 - 1/120*l**6. What is i(b)?
-1
Suppose -15 = -9*p + 3. Suppose 7 = 7*m - 0. Let x(j) = 4 - m + 17*j - 22*j. Determine x(p).
-7
Let r(y) = 2*y**2 + 2*y - 2. Let h(w) = w**2 - 11*w + 30. Suppose 52 = -6*m + 19*m. Let p be h(m). Give r(p).
10
Let z(x) = -x**3 + 6*x**2 + 8*x + 1. Let m be 2*2/16*12. Suppose -12*v + 16 = -8*v. Suppose 0 = -2*w + v*f + 18, -5*f = 5*w - m*f - 33. Determine z(w).
8
Let n(p) = -8*p. Let d(r) = -106*r - 34. Let x(k) = -d(k) + 14*n(k). Calculate x(18).
-74
Let w(j) be the first derivative of j**3/3 - 3*j**2 - 3*j - 889. Give w(-2).
13
Let h(g) be the first derivative of 7*g**2 + 251. Let r = 19 - 18. Calculate h(r).
14
Let d(j) = -13*j**2 - 4*j + 76. Let r(q) = -11*q**2 - 6*q + 74. Let x(c) = 5*d(c) - 6*r(c). Determine x(-19).
-7
Let p(u) = -u**3 - 6*u**2 + 6*u - 3. Suppose 40 = -2*r + 3*r. Let j = -19 + r. Suppose 5*x + 0*x - h = -35, 3*x - 4*h = -j. Calculate p(x).
4
Let m(z) = -3*z**2 + 2*z + 10 - z**3 - z + 2*z**2. Let r be 2/(-4)*(14 - 9 - 1) + 2. Determine m(r).
10
Let z be (1 + -23)*1*3/(-2). Let f = z + -26. Let n(h) = 1 + 0*h - f - 3 + h. Give n(7).
-2
Suppose -3*s + 76 = 158*f - 163*f, -4*f - 56 = -2*s. Let d(x) be the first derivative of x**2/2 + 15*x + 1. Give d(f).
7
Let g(a) be the third derivative of -27*a**2 + 0 + 1/6*a**3 + 0*a + 1/24*a**4. Give g(0).
1
Let v(s) = -25*s**2 + 11*s + 37. Let u(d) = -21*d**2 + 9*d + 36. Let a(b) = -6*u(b) + 5*v(b). Calculate a(6).
11
Let w(f) be the second derivative of 3*f**3/2 + f**2 - 308*f. Let r = -6 + 4. Determine w(r).
-16
Let d(i) be the third derivative of -i**7/2520 + i**6/360 - 9*i**5/20 - i**4/24 - 53*i**2. Let o(b) be the third derivative of d(b). Determine o(-6).
14
Suppose 2*b = 16 + 20. Suppose 0 = 6*s + b - 48. Suppose s + 30 = 5*v. Let u(f) = f - 13. Calculate u(v).
-6
Let w(s) be the second derivative of s**5/20 + 2*s**4/3 - s**3 + 10*s**2 - 2*s. Let g be w(-9). Let l(x) = 5*x + 6. What is l(g)?
-29
Suppose 2*w = -2*w. Let v = 5 + w. Let s(x) be the third derivative of -x**6/120 + x**5/15 + x**4/6 + x**3/3 - 22*x**2. What is s(v)?
-3
Suppose -11*q - 92 = -30*q - 27*q. Let s(r) = -54*r + 112. Calculate s(q).
4
Let k = -58 - -58. Suppose 3*u + l = 2*u, 2*u + l - 2 = k. Let o(z) = -z**2 + z + 2. Determine o(u).
0
Let b(r) be the second derivative of 19*r + 0 - 1/2*r**3 + 1/3*r**4 + 1/20*r**5 + 1/2*r**2. Suppose -2*k - 4*n + 0*n = 16, -3*k = 2*n + 16. What is b(k)?
13
Let o be 3 + 4/4 - -18. Suppose -10 + o = 4*b. Let m(d) = b*d + d**2 + 2*d**2 + 10 - 4*d**2 + 3*d. Give m(7).
3
Let k(d) = 61*d + 891. Let c be k(-15). Let p(u) = u + 33. Determine p(c).
9
Let k(v) be the third derivative of -v**5/120 - 7*v**4/24 - 11*v**3/3 + 2*v**2 + 32. Let c(l) be the first derivative of k(l). Calculate c(-10).
3
Let q(d) = -2*d - 4. Let v be 2 - (2 + 0)/(9/(-27)). What is q(v)?
-20
Let t(l) = -62 + 58 + 112*l + 226. Determine t(-2).
-2
Let w = 5195 + -5197. Let r(c) = 2*c**2 + 23*c + 40. Determine r(w).
2
Suppose -20785 + 20680 = -15*t. Let n(h) = -h**3 + 8*h**2 - 8*h - 9. Let d(w) = -2*w**3 + 16*w**2 - 16*w - 19. Let y(p) = -2*d(p) + 5*n(p). Calculate y(t).
-14
Suppose -w - 6 = -q, 14 + 16 = -5*w - 3*q. Let o(u) = u**2 - 12 + 4 + 7*u - 2*u - 4*u. What is o(w)?
22
Suppose -11*j + 25*j + 467 - 677 = 0. Let a(w) be the second derivative of -3*w**2 + j*w + 0 - 1/3*w**3. What is a(-6)?
6
Let p(f) = -13*f**2 + 53*f - 4. Let m(n) = -n**3 - 25*n**2 - 47*n - 19. Let d be m(-23). Let b be p(d). Let j(s) = -3*s + 10. Determine j(b).
10
Suppose 5*y - 54 = -5*u + 1, -5*y = 4*u - 41. Suppose 5*f + 35 = -4*j, 6 = -5*f - j - u. Let a(c) = 5*c + 10. What is a(f)?
-5
Let q = -37 + 39. Let n(x) = 30*x + q - 3 - 23*x. Suppose -4*t - 85*j + 10 = -88*j, 4 = 2*t - j. Determine n(t).
6
Suppose 0 = -2*v - 0 - 2. Let y(w) = -5*w + 2. Let q(a) = 31*a**3 + 2*a**2 + 25*a - 11. Let g(o) = q(o) + 5*y(o). Determine g(v).
-30
Suppose 41*f - 38*f - 9 = 0. Let t(a) = 3*a - 14*a + 4*a + 2*a + f. Give t(2).
-7
Let k(v) = -30*v**2 - 19*v + 14. Let l(b) = -13*b**2 - 9*b + 8. Let c(o) = -3*k(o) + 7*l(o). Determine c(-7).
7
Let r(t) = 22*t**2 + 103*t - 44. Let u(y) = -13*y**2 - 61*y + 22. Let d(m) = 3*r(m) + 5*u(m). Determine d(10).
118
Suppose -k - 2*k = -6. Let a(h) = -5 + 4*h + 2 + k. Let i be (54/15)/(-3) - 34/(-170). Determine a(i).
-5
Suppose 65 = 6*m - m. Suppose -29*a = -m*a - 48. Let r(c) = -2*c + c**3 - 4*c**2 - 1 + 2*c + 2*c. Calculate r(a).
-4
Let w(h) = -h**2 + 26*h - 65. Let v be w(3). Let u(q) = q**2 - 14*q + 31. Give u(v).
-9
Let j(p) = 4*p**2 - 11*p + 2. Let u be j(5). Let x = u - 63. Let z be (2 + (-2)/5)/(x/(-40)). Let m(y) = y**3 - 4*y**2 + 3*y - 4. Calculate m(z).
8
Suppose -2*h - 5*r = -19, 0*r - 17 = -3*h + 4*r. Let i be ((-25)/(-1))/5 + -5. Let a(u) = 2*u - 18 - u + i + 5. Give a(h).
-6
Let k = 548 - 390. Let l = k - 165. Let